prime factors of 8349570?
2, 3, 5, 113, 821
What are the prime factors of 4417888?
2, 138059
What are the prime factors of 852482?
2, 17, 25073
What are the prime factors of 317025?
3, 5, 1409
List the prime factors of 366756.
2, 3, 13, 2351
List the prime factors of 2839493.
17, 19, 59, 149
What are the prime factors of 24512786?
2, 3181, 3853
What are the prime factors of 1353495?
3, 5, 11, 13, 631
What are the prime factors of 212208?
2, 3, 4421
What are the prime factors of 1926605?
5, 385321
List the prime factors of 214362.
2, 3, 11909
What are the prime factors of 141857?
43, 3299
What are the prime factors of 1613517?
3, 211, 2549
What are the prime factors of 1440717?
3, 563, 853
List the prime factors of 5703827.
719, 7933
List the prime factors of 236881.
236881
List the prime factors of 9803767.
101, 113, 859
List the prime factors of 273501.
3, 30389
List the prime factors of 12979223.
19, 53, 12889
List the prime factors of 10886534.
2, 397, 13711
What are the prime factors of 1250541?
3, 41, 3389
List the prime factors of 63572.
2, 23, 691
What are the prime factors of 2544722?
2, 1272361
List the prime factors of 1900472.
2, 7, 33937
What are the prime factors of 4073458?
2, 61, 173, 193
List the prime factors of 166472.
2, 20809
What are the prime factors of 2780776?
2, 281, 1237
What are the prime factors of 1220788?
2, 19, 16063
What are the prime factors of 6348389?
6348389
What are the prime factors of 834067?
13, 83, 773
What are the prime factors of 999135?
3, 5, 2467
What are the prime factors of 1593766?
2, 83, 9601
What are the prime factors of 796828?
2, 199207
List the prime factors of 2310606.
2, 3, 17, 839
What are the prime factors of 1237076?
2, 309269
List the prime factors of 97278.
2, 3, 31, 523
What are the prime factors of 117756?
2, 3, 3271
What are the prime factors of 419479?
577, 727
List the prime factors of 11883144.
2, 3, 7, 13, 5441
List the prime factors of 551382.
2, 3, 13, 7069
What are the prime factors of 1431429?
3, 97, 4919
What are the prime factors of 22492536?
2, 3, 11, 85199
What are the prime factors of 9886956?
2, 3, 823913
List the prime factors of 48168.
2, 3, 223
What are the prime factors of 532928?
2, 11, 757
What are the prime factors of 11191272?
2, 3, 466303
What are the prime factors of 3224001?
3, 11, 151, 647
What are the prime factors of 7079267?
13, 19, 28661
List the prime factors of 7325047.
397, 18451
What are the prime factors of 312255?
3, 5, 257
List the prime factors of 1261437.
3, 420479
List the prime factors of 761966.
2, 380983
What are the prime factors of 5233135?
5, 1046627
List the prime factors of 303171.
3, 11, 9187
What are the prime factors of 1937733?
3, 7, 53, 1741
What are the prime factors of 1994715?
3, 5, 19, 2333
List the prime factors of 182802.
2, 3, 30467
List the prime factors of 1296757.
7, 11, 1531
What are the prime factors of 8071678?
2, 4035839
List the prime factors of 3346764.
2, 3, 151, 1847
What are the prime factors of 1609097?
7, 457, 503
What are the prime factors of 25097?
25097
What are the prime factors of 4416247?
11, 401477
What are the prime factors of 2409414?
2, 3, 7, 57367
What are the prime factors of 1685520?
2, 3, 5, 2341
What are the prime factors of 8143344?
2, 3, 11, 53, 97
List the prime factors of 713256.
2, 3, 113, 263
List the prime factors of 18229025.
5, 67, 10883
List the prime factors of 354008.
2, 17, 19, 137
List the prime factors of 291809.
7, 41687
List the prime factors of 123142.
2, 23, 2677
What are the prime factors of 316249?
229, 1381
List the prime factors of 135527.
7, 19, 1019
What are the prime factors of 14065128?
2, 3, 7, 11, 43, 59
What are the prime factors of 1815527?
7, 419, 619
What are the prime factors of 3298350?
2, 3, 5, 11, 1999
List the prime factors of 193774.
2, 7, 13841
List the prime factors of 481136.
2, 30071
List the prime factors of 152334.
2, 3, 7, 13, 31
List the prime factors of 5799544.
2, 821, 883
What are the prime factors of 496125?
3, 5, 7
What are the prime factors of 65605?
5, 13121
What are the prime factors of 1874859?
3, 7, 73, 1223
List the prime factors of 724852.
2, 181213
List the prime factors of 928772.
2, 13, 53, 337
What are the prime factors of 354?
2, 3, 59
What are the prime factors of 1552535?
5, 310507
What are the prime factors of 16797069?
3, 1866341
List the prime factors of 1723482.
2, 3, 23, 181
List the prime factors of 276802.
2, 138401
What are the prime factors of 188459?
188459
List the prime factors of 2923120.
2, 5, 61, 599
List the prime factors of 8051146.
2, 61, 65993
List the prime factors of 1202000.
2, 5, 601
What are the prime factors of 5611397?
11, 510127
List the prime factors of 247298.
2, 53, 2333
List the prime factors of 1250608.
2, 78163
List the prime factors of 256152.
2, 3, 13, 821
List the prime factors of 160214.
2, 80107
List the prime factors of 10483212.
2, 3, 19, 45979
What are the prime factors of 24208273?
2081, 11633
List the prime factors of 14453324.
2, 3613331
List the prime factors of 28309485.
3, 5, 647, 2917
List the prime factors of 2783970.
2, 3, 5, 7, 491
List the prime factors of 559731.
3, 43, 4339
What are the prime factors of 322284?
2, 3, 107, 251
What are the prime factors of 4610658?
2, 3, 13, 4547
List the prime factors of 219887.
19, 71, 163
List the prime factors of 705646.
2, 389, 907
What are the prime factors of 18653821?
18653821
What are the prime factors of 2605676?
2, 59, 61, 181
List the prime factors of 132948.
2, 3, 1231
What are the prime factors of 1920121?
7, 19, 14437
What are the prime factors of 19363327?
197, 227, 433
What are the prime factors of 76383?
3, 23, 41
What are the prime factors of 12386483?
12386483
List the prime factors of 393919.
393919
List the prime factors of 325881.
3, 36209
What are the prime factors of 893601?
3, 99289
List the prime factors of 466789.
67, 6967
What are the prime factors of 17309987?
17309987
List the prime factors of 30565863.
3, 421, 2689
List the prime factors of 34794297.
3, 3866033
List the prime factors of 822213.
3, 7, 31, 421
List the prime factors of 4896688.
2, 463, 661
List the prime factors of 253205.
5, 89, 569
What are the prime factors of 235602?
2, 3, 4363
What are the prime factors of 20024504?
2, 17, 113, 1303
What are the prime factors of 1097763?
3, 19, 19259
What are the prime factors of 635598?
2, 3, 35311
What are the prime factors of 2990653?
223, 13411
List the prime factors of 18901885.
5, 3780377
What are the prime factors of 11735537?
11, 1066867
List the prime factors of 2825364.
2, 3, 235447
List the prime factors of 211333.
211333
What are the prime factors of 12988170?
2, 3, 5, 13, 17, 653
List the prime factors of 325530.
2, 3, 5, 3617
What are the prime factors of 133677?
3, 4951
What are the prime factors of 96522?
2, 3, 16087
What are the prime factors of 94053?
3, 107, 293
What are the prime factors of 9807929?
17, 67, 79, 109
List the prime factors of 1205605.
5, 41, 5881
List the prime factors of 891072.
2, 3, 7, 13, 17
List the prime factors of 204556.
2, 11, 4649
List the prime factors of 555401.
7, 11, 7213
What are the prime factors of 308406?
2, 3, 7, 1049
What are the prime factors of 889192?
2, 111149
List the prime factors of 656812.
2, 13, 17, 743
What are the prime factors of 1208682?
2, 3, 829
What are the prime factors of 7180091?
7180091
List the prime factors of 90102.
2, 3, 15017
List the prime factors of 14891371.
11, 17, 79633
List the prime factors of 9544918.
2, 4772459
List the prime factors of 776030.
2, 5, 71, 1093
What are the prime factors of 251324?
2, 83, 757
List the prime factors of 1394460.
2, 3, 5, 61, 127
List the prime factors of 125356.
2, 7, 11, 37
What are the prime factors of 27440?
2, 5, 7
What are the prime factors of 774771?
3, 101, 2557
What are the prime factors of 706849?
11, 13, 4943
What are the prime factors of 298055?
5, 59611
List the prime factors of 878599.
101, 8699
List the prime factors of 240585.
3, 5, 43, 373
What are the prime factors of 28144557?
3, 7, 148913
What are the prime factors of 819197?
461, 1777
What are the prime factors of 258920?
2, 5, 6473
What are the prime factors of 4662347?
4662347
What are the prime factors of 126781?
12